vided by 30.
26
What is the remainder when 16766 is divided by 1289?
9
Calculate the remainder when 61 is divided by 29.
3
What is the remainder when 11059 is divided by 292?
255
Calculate the remainder when 226627 is divided by 226607.
20
What is the remainder when 25017 is divided by 7?
6
What is the remainder when 3666 is divided by 3042?
624
Calculate the remainder when 53322 is divided by 4.
2
Calculate the remainder when 2894 is divided by 118.
62
What is the remainder when 9524 is divided by 4748?
28
Calculate the remainder when 35366 is divided by 244.
230
What is the remainder when 4180 is divided by 112?
36
Calculate the remainder when 2686 is divided by 2681.
5
What is the remainder when 13022 is divided by 114?
26
Calculate the remainder when 714322 is divided by 76.
74
Calculate the remainder when 105785 is divided by 105772.
13
What is the remainder when 3816 is divided by 3754?
62
Calculate the remainder when 9619 is divided by 155.
9
What is the remainder when 403 is divided by 77?
18
What is the remainder when 4337598 is divided by 5?
3
What is the remainder when 1844 is divided by 69?
50
Calculate the remainder when 4158717 is divided by 855.
852
What is the remainder when 625335 is divided by 146?
17
What is the remainder when 8779 is divided by 2190?
19
What is the remainder when 819 is divided by 49?
35
What is the remainder when 22410 is divided by 93?
90
What is the remainder when 337 is divided by 84?
1
Calculate the remainder when 3399 is divided by 1129.
12
Calculate the remainder when 4686 is divided by 4653.
33
Calculate the remainder when 31502 is divided by 900.
2
Calculate the remainder when 971185 is divided by 194236.
5
What is the remainder when 103599 is divided by 25899?
3
Calculate the remainder when 22640 is divided by 265.
115
Calculate the remainder when 37142 is divided by 48.
38
What is the remainder when 2508 is divided by 495?
33
What is the remainder when 16311 is divided by 5358?
237
What is the remainder when 1140238 is divided by 567?
1
What is the remainder when 5140 is divided by 119?
23
Calculate the remainder when 251417 is divided by 8669.
16
Calculate the remainder when 452732 is divided by 1146.
62
What is the remainder when 1365 is divided by 360?
285
Calculate the remainder when 69133 is divided by 2304.
13
What is the remainder when 47097 is divided by 252?
225
Calculate the remainder when 13162 is divided by 12.
10
Calculate the remainder when 360827 is divided by 120.
107
What is the remainder when 49703 is divided by 7?
3
What is the remainder when 110163 is divided by 408?
3
What is the remainder when 7040 is divided by 119?
19
Calculate the remainder when 268350 is divided by 44716.
54
Calculate the remainder when 13752 is divided by 344.
336
What is the remainder when 13565 is divided by 378?
335
Calculate the remainder when 4253548 is divided by 10.
8
Calculate the remainder when 1154 is divided by 1010.
144
Calculate the remainder when 85458 is divided by 39.
9
What is the remainder when 549 is divided by 322?
227
Calculate the remainder when 545966 is divided by 25.
16
Calculate the remainder when 670135 is divided by 1460.
1455
Calculate the remainder when 66573 is divided by 16.
13
Calculate the remainder when 380655 is divided by 20.
15
Calculate the remainder when 6548 is divided by 91.
87
What is the remainder when 32066 is divided by 6?
2
What is the remainder when 11816 is divided by 630?
476
What is the remainder when 3572 is divided by 595?
2
What is the remainder when 223143 is divided by 322?
319
What is the remainder when 5188 is divided by 53?
47
What is the remainder when 5994 is divided by 1487?
46
Calculate the remainder when 10117 is divided by 1089.
316
Calculate the remainder when 6964 is divided by 480.
244
What is the remainder when 15817 is divided by 1146?
919
What is the remainder when 66570 is divided by 17?
15
What is the remainder when 706973 is divided by 16?
13
Calculate the remainder when 1635 is divided by 275.
260
What is the remainder when 15326 is divided by 802?
88
What is the remainder when 31152 is divided by 842?
840
Calculate the remainder when 217744 is divided by 217742.
2
Calculate the remainder when 6648 is divided by 365.
78
What is the remainder when 13490 is divided by 103?
100
What is the remainder when 277517 is divided by 42?
23
What is the remainder when 3141 is divided by 146?
75
What is the remainder when 56296 is divided by 18762?
10
What is the remainder when 8928 is divided by 2736?
720
Calculate the remainder when 20296 is divided by 22.
12
Calculate the remainder when 22612 is divided by 683.
73
Calculate the remainder when 1889 is divided by 291.
143
Calculate the remainder when 7198 is divided by 3597.
4
Calculate the remainder when 336 is divided by 226.
110
What is the remainder when 3021 is divided by 275?
271
What is the remainder when 14130 is divided by 392?
18
What is the remainder when 2860 is divided by 844?
328
Calculate the remainder when 1882 is divided by 465.
22
What is the remainder when 406274 is divided by 4?
2
What is the remainder when 125371 is divided by 6?
1
Calculate the remainder when 247 is divided by 114.
19
What is the remainder when 16745 is divided by 15743?
1002
What is the remainder when 160330 is divided by 192?
10
Calculate the remainder when 130089 is divided by 413.
407
Calculate the remainder when 288680 is divided by 142.
136
Calculate the remainder when 1892514 is divided by 751.
745
What is the remainder when 8973 is divided by 7?
6
What is the remainder when 32223 is divided by 25?
23
What is the remainder when 76946 is divided by 405?
401
Calculate the remainder when 59237 is divided by 672.
101
Calculate the remainder when 10821 is divided by 7.
6
Calculate the remainder when 5524649 is divided by 14.
11
Calculate the remainder when 4346 is divided by 928.
634
What is the remainder when 1209869 is divided by 1021?
1005
What is the remainder when 10773 is divided by 55?
48
What is the remainder when 648895 is divided by 89?
85
Calculate the remainder when 11636 is divided by 3872.
20
Calculate the remainder when 5482 is divided by 26.
22
What is the remainder when 619493 is divided by 20?
13
Calculate the remainder when 6114 is divided by 148.
46
What is the remainder when 19668 is divided by 616?
572
What is the remainder when 1920767 is divided by 61?
60
What is the remainder when 19107 is divided by 600?
507
Calculate the remainder when 6278 is divided by 2078.
44
What is the remainder when 89228 is divided by 493?
488
Calculate the remainder when 24302 is divided by 2388.
422
What is the remainder when 19200 is divided by 55?
5
Calculate the remainder when 114830 is divided by 803.
1
Calculate the remainder when 1962 is divided by 20.
2
Calculate the remainder when 19483 is divided by 513.
502
What is the remainder when 63052 is divided by 31518?
16
Calculate the remainder when 2328 is divided by 746.
90
What is the remainder when 515 is divided by 169?
8
What is the remainder when 2101 is divided by 194?
161
Calculate the remainder when 2271 is divided by 1065.
141
What is the remainder when 65090 is divided by 10845?
20
Calculate the remainder when 5563 is divided by 250.
63
Calculate the remainder when 88360 is divided by 911.
904
Calculate the remainder when 3700 is divided by 47.
34
Calculate the remainder when 2589 is divided by 853.
30
What is the remainder when 125879 is divided by 315?
194
Calculate the remainder when 30965 is divided by 28.
25
Calculate the remainder when 4841 is divided by 2418.
5
What is the remainder when 1250918 is divided by 22?
20
What is the remainder when 11599 is divided by 54?
43
What is the remainder when 19151 is divided by 638?
11
What is the remainder when 19998 is divided by 233?
193
What is the remainder when 190377 is divided by 15?
12
Calculate the remainder when 247268 is divided by 1255.
33
What is the remainder when 56111 is divided by 760?
631
Calculate the remainder when 11521 is divided by 592.
273
Calculate the remainder when 42484 is divided by 2022.
22
Calculate the remainder when 759 is divided by 128.
119
Calculate the remainder when 4021 is divided by 1218.
367
What is the remainder when 299854 is divided by 54?
46